y = -10*g + 5*g + 25. What are the prime factors of g?
5
Let f = 351 - -359. List the prime factors of f.
2, 5, 71
What are the prime factors of (1/(-3))/(2/(-2892))?
2, 241
Let h = 1 + -1. Suppose -14*x = 18 - 18. Suppose h = -4*i - 4*m + 160, x = -m + 2*m - 4. List the prime factors of i.
2, 3
Let a(j) = -2*j**3 - 9*j**2 - 7*j. Let h be a(-7). Let y = h + -54. List the prime factors of 2/(y/115 + -2).
23
Suppose -3*j + j + 512 = -4*d, 2*d + 2*j = -250. Let v = -42 - d. Let f = 132 - v. What are the prime factors of f?
47
Let h = -659 - -1109. Suppose 174 - h = -4*j. List the prime factors of j.
3, 23
Suppose 5*c - f = 2, f - 2 = -4*c + 2*f. Suppose 5*v - 230 - 10 = c. List the prime factors of v.
2, 3
Let q be (-12)/((-3)/1) - 0. Suppose -u + 6 = q*j, -j = u - 3*j. Suppose -3*b + 68 = 5*k, u*k + b - 5 = 23. List the prime factors of k.
2
Let u = -1 - -15. Let o = 10 - u. What are the prime factors of 4 + (-4 - o) + 17?
3, 7
Let a = 6934 + -2854. What are the prime factors of a?
2, 3, 5, 17
Let h(z) = z**3 - 40*z + 22*z + 16*z - 2 + 1. Let f be h(-1). What are the prime factors of (-6)/(-6) + 3 + f?
2
Suppose 4209 = -20*n + 19949. List the prime factors of n.
787
Let v be 61 - (4/(-18) - (-280)/126). Let x(d) = -d**2 - 8*d + 12. Let q be x(-9). Suppose -b - 4*t = -v, b + 140 = q*b - 3*t. List the prime factors of b.
67
Suppose -4*k + 3949 = 1189. List the prime factors of k.
2, 3, 5, 23
Let q = 121 - 175. Let a = -26 - q. List the prime factors of a.
2, 7
Let y be (3 + -197)/(((-12)/9)/2). Let v = y + -151. List the prime factors of v.
2, 5, 7
Let q(a) = a - 4. Let t be q(6). Let b be 646/153 + t/(-9). Suppose 115 = 5*o - 5*y, 12 - 136 = -4*o - b*y. What are the prime factors of o?
3
Let d(a) = -a**2 + 11*a + 12. Suppose -6*k = -k - 20. Suppose -k*n = -27 - 13. List the prime factors of d(n).
2, 11
Let f(v) = 2 - v**2 + 5 - 2 + 4*v. Let w be f(4). Suppose -113 = -2*a - 5*c, 157 = a + 2*a - w*c. List the prime factors of a.
2, 3
Let t = 11220 - 5200. What are the prime factors of t?
2, 5, 7, 43
Let h(d) = -d**3 + 10*d**2 + 12*d - 11. Let y be h(11). Suppose 0 = -q - n + 53, 2*n + y = 6. Suppose -j = j - q. List the prime factors of j.
5
Let t(q) be the third derivative of 3*q**5/20 + q**4/24 + q**3/6 - 6*q**2. Let u be (-2 + 1)*(-4)/(-4). List the prime factors of t(u).
3
What are the prime factors of 3/((-7 - -6) + 79/78)?
2, 3, 13
Let d(r) = -r**3 - 3*r**2 + 4*r + 6. Let c be d(-4). Let p(j) = 1 + 1 - 11*j - c - 9. What are the prime factors of p(-4)?
31
Let p(k) = -k**3 - 4*k**2 + 4*k - 7. Let z(l) = -3*l + 7. Let q be z(4). Let j be p(q). List the prime factors of 21/(1 + (-1)/j).
2, 7
Suppose 0 = 2*s + 2*i - 9670, s + 2*i - 4823 = 4*i. List the prime factors of s.
4831
Suppose -5*z + j + 59 = 11, -42 = -3*z + 5*j. Let i = z + 12. What are the prime factors of i?
3, 7
Suppose -20 = 5*m - i, 0 = 5*m - 2*i - 2*i + 35. List the prime factors of (22 + m)/(2/4).
2, 19
Let k = -63 - -68. Suppose -3*a + k*a - 124 = -i, 628 = 5*i + 2*a. List the prime factors of i.
2, 3, 7
Let d(o) be the third derivative of 0 + 1/3*o**4 - 5/6*o**3 + 0*o - 3*o**2 - 1/15*o**5 - 1/120*o**6. List the prime factors of d(-6).
19
Suppose 1249 = 10*o - 1251. What are the prime factors of o?
2, 5
Let d be 236 + -3*2/3. Suppose 4*n - d = -o, o = 5*o + 8. Suppose -5*w + 24 = 3*m - n, 2*w - 54 = 4*m. List the prime factors of w.
19
Let j = -16 + 24. Let d = j - 8. Suppose 2*g + 0*g = -5*w + 11, d = 3*w + 5*g + 1. What are the prime factors of w?
3
Suppose -1345 = -4*b + 927. What are the prime factors of b?
2, 71
List the prime factors of 52 - ((-98)/(-7) + -7).
3, 5
Let g(l) = -l**3 - 9*l**2 - 13*l - 5. Let h be g(-7). List the prime factors of 5588/24 - 2/h.
233
Suppose 3*p + 2*p + 2*u + 9 = 0, -3*p + 3 = -3*u. Let f be 8/3 + p/(-3). Let g = f - -15. List the prime factors of g.
2, 3
Let g = -7 + 7. Let p be (-11 - -17) + -1 + g. Suppose 4*c - 122 = -2*w, 5*w + 158 = p*c + 2*w. List the prime factors of c.
31
Let o(j) = 9 + 26 + 7 - 23*j. List the prime factors of o(-7).
7, 29
Let k = 28 + -16. Let m = 15 - k. Suppose -m*p + 6*p = 114. List the prime factors of p.
2, 19
Let n = 791 - 98. List the prime factors of n.
3, 7, 11
Let k(s) be the third derivative of s**5/60 + 5*s**4/24 - s**3/6 + 4*s**2. Let v be k(-6). List the prime factors of (-189)/(-15) + 2/v.
13
Let a(g) = -g**2 + 17*g + 72. List the prime factors of a(18).
2, 3
Let v(r) = 2*r**2 + 4*r + 15. Let i be v(-6). Suppose -12*n = -11*n - i. List the prime factors of n.
3, 7
Let n = -13 - -76. List the prime factors of n.
3, 7
Suppose -11*p + 7*p + 16 = 0. Suppose -3*d = -p*d. Let f(s) = s**3 + s**2 + 24. List the prime factors of f(d).
2, 3
Let y = 3117 + -1723. List the prime factors of y.
2, 17, 41
Let g = -316 + 1464. What are the prime factors of g?
2, 7, 41
Let f be 12/((15/6)/(-5)). Let n be (-2)/(-5) + f/60. Suppose n = -d - 3 + 28. List the prime factors of d.
5
Suppose -5*b = m + 4*m - 70, -3*m - 4*b = -43. Let c = 21 - m. Let v = 26 - c. List the prime factors of v.
2, 3
Let r(j) = j**3 + 175. Let o be r(0). Let k be (8/(-10))/((-14)/o). Suppose -2*q = -4*i - 106, 5*i + 10 = -k. What are the prime factors of q?
3, 5
Let u = 2648 + -1743. What are the prime factors of u?
5, 181
Let k(m) = m**3 - 10*m**2 + 5*m - 17. Let w be k(8). Let c = 227 + w. List the prime factors of c.
2, 61
Let a = -190 - -576. List the prime factors of a.
2, 193
Let p be (-12 - -1)/(-6 - -5). Let a(d) = 2*d**3 - 4*d**3 + 6 + d**3 + 12*d**2 - d**2. What are the prime factors of a(p)?
2, 3
Let t(p) = -17 + 17*p**2 + p**2 - 7*p**2 - 2*p + p**3. What are the prime factors of t(-10)?
103
Suppose m = -4, 3*q - 890 = -5*m + 4877. What are the prime factors of q?
3, 643
Suppose 0 = 4*o + 13 - 57. Suppose 7 - o = t. Let x(s) = -s**3 - s**2 - s - 4. List the prime factors of x(t).
2, 3
Suppose k + 1 = -2*r, -2*k + 4*k = 3*r - 9. Let x(b) = -b**3 - 2*b**2 - b - 4. Let t be x(k). List the prime factors of (-164)/16*t/(-2).
41
What are the prime factors of -16*(-9)/(-18) + 1098?
2, 5, 109
List the prime factors of (6071/52)/((-1)/(-4)).
467
Let i(y) = 69*y**2 - 36*y - 191. List the prime factors of i(-6).
13, 193
Let q(s) = -s - 7. Let x be q(-9). List the prime factors of (-3)/x*(-50)/15.
5
Suppose -17*k = -3*w - 12*k, -2*k = -5*w + 19. List the prime factors of w.
5
Let w(q) = q**2 + 10*q + 11. Let b be w(-9). Suppose -4*v + 132 = -b*v. List the prime factors of v.
2, 3, 11
Suppose 0 = 4*f - 20 - 12. Let t(m) = 6*m - 3. Let b be t(f). Suppose 4*c = 3*c + b. List the prime factors of c.
3, 5
Suppose 2*r - 12 = -2*y, -3*r - 2*y + 15 = -0*y. List the prime factors of r.
3
Let n(j) = 5*j**2 + 9*j + 6. List the prime factors of n(-21).
2, 3, 337
Suppose -h = -0*h - 81. Suppose a = -v + h, v = -5*a + 14 + 55. List the prime factors of v.
2, 3, 7
What are the prime factors of (416/(-10))/((-84)/210) + 7?
3, 37
Suppose -376 = -5*v + 4929. List the prime factors of v.
1061
Suppose -3*z - 415 = -d, -880 = -4*d + 2*d - 4*z. What are the prime factors of d?
2, 5, 43
Let b = 0 + -4. Suppose -25*t + 26*t = 11. Let g = b + t. List the prime factors of g.
7
Let f = 1303 + -439. What are the prime factors of f?
2, 3
Suppose -j = 4, -6*j = 3*q - 4*j + 50. Let d be (-2)/4 - 41/2. What are the prime factors of (86/3)/(q/d)?
43
Let g(c) = -c. Let d(r) = -13*r - 5. Let k(z) = z - 1. Let j(t) = d(t) - 3*k(t). Let l(n) = -2*g(n) - j(n). What are the prime factors of l(3)?
2, 7
Let t(o) = -2*o**2 + 12*o - 7. Let r be t(5). Suppose v = -4 + r, -3*n - 4*v = -167. What are the prime factors of n?
3, 19
Let n = -20 - -24. Let z = 2 + n. What are the prime factors of z?
2, 3
Suppose 0 = 5*n + 150 - 95. Let i(b) = b**3 + 12*b**2 + 11*b + 24. List the prime factors of i(n).
2, 3
Suppose -380*v = -384*v + 6888. List the prime factors of v.
2, 3, 7, 41
Let u(r) = -r**3 - 7*r**2 + 6. Let q be u(-7). Let w be 52/3 + q/(-18). Let c = w + -13. List the prime factors of c.
2
Let z(j) = -142*j - 18. What are the prime factors of z(-15)?
2, 3, 11
Let n(r) = -4*r**3 - 14*r**2 - 5*r - 22. Let b(d) = -d**3. Let j(z) = -3*b(z) + n(z). What are the prime factors of j(-14)?
2, 3
Suppose -17788 = -10*j + 7792. What are the prime factors of j?
2, 1279
Let y = -104 - -4069. List the p